, 11, 293
Let w = 16436 - -2135. List the prime factors of w.
7, 379
Let g = -58 - -104. Let f = g - 28. Let o = 11 + f. What are the prime factors of o?
29
Let j(q) = -335*q - 820. List the prime factors of j(-19).
5, 1109
List the prime factors of (10616/((-16)/(-4)))/((-7)/(-7)).
2, 1327
Let f(j) = -7*j**2 + 4*j + 15. Let m(w) = 3*w**2 - 2*w - 8. Let i(s) = 2*f(s) + 5*m(s). What are the prime factors of i(-8)?
2, 5, 7
Let t = 100 - 100. Let v = 632 + -357. Suppose t*b + v = 5*b. What are the prime factors of b?
5, 11
Let k(q) = -2*q**3 + 2*q**2 - 9*q - 8. Let d be (10 - 7) + -2*4. List the prime factors of k(d).
337
Suppose 0 = -11*w + 36320 - 9656. List the prime factors of w.
2, 3, 101
Let a be (42/15)/(14/4270). Let s = a - 466. List the prime factors of s.
2, 97
Suppose -23*k + 182915 - 50140 = 2*k. List the prime factors of k.
47, 113
Let h(v) = -346*v + 30782. List the prime factors of h(0).
2, 15391
Suppose 2 = 29*c - 30*c. What are the prime factors of (-4)/(2984/(-1490) + c/(-1))?
2, 5, 149
Suppose 16312 = -41*u + 33*u. Let i = -433 - u. What are the prime factors of i?
2, 11, 73
Let y(d) = -147*d + 1320. List the prime factors of y(-26).
2, 3, 857
Suppose -3*k = c - 169, 4*k - 106 = -2*c + 122. Let h = 162 - k. What are the prime factors of h?
107
Suppose -u + 18321 = -5*n, -5*n = -4*u + 12331 + 61013. List the prime factors of u.
18341
Let j = -2564 - -4498. What are the prime factors of j?
2, 967
Let n be 995*((-124)/(-240) - 2/(-24)). Suppose -h = -4*h + 2388. Suppose 0 = 4*l + 6*c - 3*c - h, 3*c = 3*l - n. What are the prime factors of l?
199
Let p = -498 + 896. What are the prime factors of 2/((8/p)/2)?
199
Let v(i) = -i**2 + 58 + 0*i**2 + 10*i - 39. Let k be v(11). Suppose -k*z + 153 = -351. List the prime factors of z.
3, 7
Let h = 179783 + -123948. What are the prime factors of h?
5, 13, 859
Suppose -4*z = 2*x - 12, 0 = 5*z - 2*x + 6*x - 12. Suppose -4*y - y = -z*y. Suppose y*o + 4 = 2*o. What are the prime factors of o?
2
Let r = 5872 - -849. List the prime factors of r.
11, 13, 47
Let w(c) = 7*c**2 + 238*c + 20. List the prime factors of w(12).
2, 971
What are the prime factors of (3*(-10 + (-272)/(-24)))/((-4)/(-8110))?
2, 5, 811
Suppose -m + 71 = h, 3*m - 3*h = 2*h + 173. Let w be (-10)/2*(4 + m/(-15)). Suppose -2*p + 3*n = -442, 5*n = w*p + 3*p - 1095. What are the prime factors of p?
5, 43
Let c = 96208 - 50884. What are the prime factors of c?
2, 3, 1259
Suppose 2*k + 2*l = 42744, 6*k = 7*k - 3*l - 21372. What are the prime factors of k?
2, 3, 13, 137
Suppose -12*s + 8215 = -3785. Suppose -u + 494 = -2*z, 2*u + 0*u - s = -2*z. What are the prime factors of u?
2, 3, 83
Let y(p) = p**2 + 4*p + 11. Let s be 59/6 - (-1)/6. Let i be y(s). Let w = i - 73. What are the prime factors of w?
2, 3, 13
Suppose -298921 = -11*u - 237402 + 348176. List the prime factors of u.
3, 5, 13, 191
Let j = -116 - -137. Suppose j*y - 2178 = 15*y. List the prime factors of y.
3, 11
Let k = -88 - -92. Let m be (k - -2)*(-2)/4 - -371. Let g = m - 189. List the prime factors of g.
179
Let t be 40/(-12)*3/(-5). Let m(w) = 10 + 8*w + w - t*w. List the prime factors of m(9).
73
Suppose 2*k - 34029 = -5*y, -48*k + 43*k + 85095 = 5*y. What are the prime factors of k?
2, 3, 2837
Let o = 102 + -98. Let c = 48 + o. Suppose -260 = -6*n + c. List the prime factors of n.
2, 13
Let s(j) = -176*j + 1450. List the prime factors of s(-10).
2, 3, 5, 107
Let a = 3 + -1. Let q be a/8 - (-246)/(-24). What are the prime factors of (428/10 - 0)/((-4)/q)?
107
Let k(i) = -5 - 2*i - 29*i**2 + 71*i**2 - 29*i**2. Let n be k(-8). Suppose 0 = 3*j - n + 45. What are the prime factors of j?
2, 7, 19
Suppose -7*p = 72 + 33. Let g(f) = -93*f + 54. What are the prime factors of g(p)?
3, 7, 23
Suppose 77 = -3*g - 58. Let i be (-2)/5 - 648/g. List the prime factors of (-268)/(-8) + (-7)/i.
3, 11
Let l(i) = 6*i**3 - 9*i**2 + 10*i - 11. List the prime factors of l(10).
5189
Let o = 7 - -14. Let w = 27 + o. Let h = w - 40. List the prime factors of h.
2
Suppose -5*c = -3*u + 80531, 5*u - 134146 = 37*c - 39*c. What are the prime factors of u?
2, 3, 13, 43
Suppose -18 = -4*d - 6. Suppose d*o = u - 13, 2*u + 3*u + o - 33 = 0. Suppose -13*x + 54 = -u*x. What are the prime factors of x?
3
Let n = -20253 + 35819. List the prime factors of n.
2, 43, 181
Let t(w) = -w**2 - 8*w + 106. Let j be t(18). Let r = 383 + j. What are the prime factors of r?
3, 7
Suppose 4*q + 0*q = -4. Let a(o) = 308*o**2 - 4*o - 1. List the prime factors of a(q).
311
Let d(r) = -46*r - 114. Let y be 139 + -138 + 25*(1 - 2). What are the prime factors of d(y)?
2, 3, 5, 11
Suppose -i + 5*i = 5100. Suppose -7*k + 1063 + i = 0. What are the prime factors of k?
2, 167
Suppose -4*q + 4*l = -8*q - 212, 0 = -3*l - 15. List the prime factors of (q/20)/(37/40 - 1).
2
Let s(j) = 22*j**3 - 3*j**2 + 5*j - 9. Let v be s(2). Suppose -4*b + p + 648 = 2*p, b + p = v. List the prime factors of b.
7, 23
Let v(h) be the third derivative of h**4/6 + 59*h**3/6 - 68*h**2. What are the prime factors of v(9)?
5, 19
Let k(t) = t**3 - 34*t**2 + t - 21. Let p be k(34). List the prime factors of ((-46)/(-3)*1)/(p/195).
2, 5, 23
Let y(v) be the second derivative of 31*v**3/6 + 19*v**2/2 - 71*v. List the prime factors of y(7).
2, 59
Let h be ((-3 + -1)*-1)/(2/22193). Suppose 4*l + 9594 - h = 3*m, 3*l = -2*m + 26111. What are the prime factors of ((-15)/18)/(-5) - l/(-66)?
2, 3, 11
Suppose -15*j - 4*j = -7*j. Suppose -3*b - 8*b + 1177 = j. What are the prime factors of b?
107
Let s = -858 + 26524. List the prime factors of s.
2, 41, 313
Suppose 2560 = -9187*q + 9192*q. List the prime factors of q.
2
What are the prime factors of ((-3)/(-6))/(-1 + 31836/31832)?
23, 173
Let u(n) = n**3 + 5*n**2 - 12*n + 17. Let y be u(-7). Suppose -y*c - 35*c + 2660 = 0. List the prime factors of c.
2, 5, 7
Suppose 56448 = k + 5*b, k - 4538*b - 56424 = -4537*b. What are the prime factors of k?
2, 14107
Suppose -12*r + 24*r = 5520. Let k = r - 123. What are the prime factors of k?
337
Suppose 2*p = -2*o + 82, -o - 2*p + 0*p + 45 = 0. Suppose o*f - 735 = 30*f. What are the prime factors of f?
3, 5, 7
Suppose 54*k - 1560034 = -9*k - 399448. List the prime factors of k.
2, 61, 151
Suppose -4*s + 39306 = 2*y, -503*y + 505*y - 5*s - 39333 = 0. List the prime factors of y.
3, 6553
Suppose -y + 29984 = 5*m, -y + 89*m - 85*m = -29966. List the prime factors of y.
2, 7, 2141
Let j = 145 - 140. Suppose -1097 = j*o - n - 3172, o - 426 = -2*n. What are the prime factors of o?
2, 13
Let l = -1108 - -1800. Suppose -3*t + 2*t = 5*s + 895, l = -4*s + 4*t. Let u = -66 - s. What are the prime factors of u?
2, 7
Suppose 0 = 5*v - 5*u - 5710, -4*v + 2*u + 4568 = -0*u. Let c = 1790 - v. List the prime factors of c.
2, 3
Let z = 9 + 8. Let n be ((-172)/z - -2) + 8/68. What are the prime factors of (-840)/n - (0 - 0)?
3, 5, 7
What are the prime factors of 4/6*854*21/4?
7, 61
Let g be (-222)/(-8)*(6 - 2). Suppose -4*y + 37 = -g. Let v = -30 + y. What are the prime factors of v?
7
Let c(z) = -710*z - 1. What are the prime factors of c(-13)?
11, 839
Let s = 26 + -18. Suppose -o = -s + 3. Suppose o*p - 2*q - 70 = 441, -5*p - 5*q + 525 = 0. What are the prime factors of p?
103
Let x be (2*-2)/(1/6). Let i = 24 + x. Let c = 34 + i. What are the prime factors of c?
2, 17
Let c(u) = -3*u**3 - 16*u**2 + 46. List the prime factors of c(-12).
2, 7, 11, 19
Let u be (-144)/(-20) + -8 + 52/(-10). What are the prime factors of (-18)/(-12)*(-532)/u?
7, 19
Suppose 0*b + b + 2*p = 8, 0 = -5*p. Suppose 2*y + 0*y + 4 = -5*o, -4*y = b. Suppose -6*j + 168 + 222 = o. List the prime factors of j.
5, 13
Let n = 22288 + -5096. What are the prime factors of n?
2, 7, 307
Let r = -141 + 163. Suppose -4598 = 11*b - r*b. What are the prime factors of b?
2, 11, 19
Suppose -125*z + 1170 + 297854 = -1096726. What are the prime factors of z?
2, 3, 1861
Let c be (8/(-3))/2*-2154. Suppose -4*k - 4*q = -c + 476, -1785 = -3*k + q. List the prime factors of k.
2, 149
Let b(v) = 6*v + 7377. List the prime factors of b(-64).
3, 7, 37
Let m(s) = 4607*s - 136. What are the prime factors of m(1)?
17, 263
Suppose 6*q - 27 = 21. Suppose -q*v + 49 = -23. Suppose 3 = 2*o + v, 3*g = -3*o + 189. List the prime factors of g.
2, 3, 11